{"id":1701,"date":"2022-03-07T17:29:26","date_gmt":"2022-03-07T16:29:26","guid":{"rendered":"https:\/\/synopac.novatask.biz\/emballages\/"},"modified":"2022-12-13T14:59:23","modified_gmt":"2022-12-13T13:59:23","slug":"emballages","status":"publish","type":"page","link":"https:\/\/synopac.ch\/fr\/emballages\/","title":{"rendered":"Emballages"},"content":{"rendered":"\t\t<div data-elementor-type=\"wp-page\" data-elementor-id=\"1701\" class=\"elementor elementor-1701 elementor-422\" data-elementor-post-type=\"page\">\n\t\t\t\t\t\t<section class=\"elementor-section elementor-top-section elementor-element elementor-element-42a7a12 elementor-section-boxed elementor-section-height-default elementor-section-height-default\" data-id=\"42a7a12\" data-element_type=\"section\" data-e-type=\"section\">\n\t\t\t\t\t\t<div class=\"elementor-container elementor-column-gap-default\">\n\t\t\t\t\t<div class=\"elementor-column elementor-col-100 elementor-top-column elementor-element elementor-element-629dd00\" data-id=\"629dd00\" data-element_type=\"column\" data-e-type=\"column\">\n\t\t\t<div class=\"elementor-widget-wrap elementor-element-populated\">\n\t\t\t\t\t\t<div class=\"elementor-element elementor-element-9cadd57 elementor-widget elementor-widget-heading\" data-id=\"9cadd57\" data-element_type=\"widget\" data-e-type=\"widget\" data-widget_type=\"heading.default\">\n\t\t\t\t<div class=\"elementor-widget-container\">\n\t\t\t\t\t<h2 class=\"elementor-heading-title elementor-size-default\">Emballages<\/h2>\t\t\t\t<\/div>\n\t\t\t\t<\/div>\n\t\t\t\t\t<\/div>\n\t\t<\/div>\n\t\t\t\t\t<\/div>\n\t\t<\/section>\n\t\t\t\t<section class=\"elementor-section elementor-top-section elementor-element elementor-element-73715bd elementor-section-boxed elementor-section-height-default elementor-section-height-default\" data-id=\"73715bd\" data-element_type=\"section\" data-e-type=\"section\">\n\t\t\t\t\t\t<div class=\"elementor-container elementor-column-gap-default\">\n\t\t\t\t\t<div class=\"elementor-column elementor-col-100 elementor-top-column elementor-element elementor-element-c80e21f\" data-id=\"c80e21f\" data-element_type=\"column\" data-e-type=\"column\">\n\t\t\t<div class=\"elementor-widget-wrap elementor-element-populated\">\n\t\t\t\t\t\t<div class=\"elementor-element elementor-element-8722127 elementor-widget elementor-widget-heading\" data-id=\"8722127\" data-element_type=\"widget\" data-e-type=\"widget\" data-widget_type=\"heading.default\">\n\t\t\t\t<div class=\"elementor-widget-container\">\n\t\t\t\t\t<h3 class=\"elementor-heading-title elementor-size-default\">Le groupe Artopac r\u00e9unit, avec la soci\u00e9t\u00e9 Synopac AG, trois entreprises ind\u00e9pendantes sp\u00e9cialis\u00e9es dans les emballages, les machines d\u2019emballage et les concepts d\u2019emballage.<\/h3>\t\t\t\t<\/div>\n\t\t\t\t<\/div>\n\t\t\t\t\t<\/div>\n\t\t<\/div>\n\t\t\t\t\t<\/div>\n\t\t<\/section>\n\t\t\t\t<section class=\"elementor-section elementor-top-section elementor-element elementor-element-f94ed54 elementor-section-boxed elementor-section-height-default elementor-section-height-default\" data-id=\"f94ed54\" data-element_type=\"section\" data-e-type=\"section\">\n\t\t\t\t\t\t<div class=\"elementor-container elementor-column-gap-default\">\n\t\t\t\t\t<div class=\"elementor-column elementor-col-100 elementor-top-column elementor-element elementor-element-3805aad\" data-id=\"3805aad\" data-element_type=\"column\" data-e-type=\"column\" data-settings=\"{&quot;background_background&quot;:&quot;classic&quot;}\">\n\t\t\t<div class=\"elementor-widget-wrap elementor-element-populated\">\n\t\t\t\t\t\t<div class=\"elementor-element elementor-element-61a053e elementor-widget elementor-widget-image\" data-id=\"61a053e\" data-element_type=\"widget\" data-e-type=\"widget\" data-widget_type=\"image.default\">\n\t\t\t\t<div class=\"elementor-widget-container\">\n\t\t\t\t\t\t\t\t\t\t\t\t\t\t\t<img decoding=\"async\" width=\"100\" height=\"100\" src=\"https:\/\/synopac.ch\/wp-content\/uploads\/Flaigg_Logo_2022.svg\" class=\"attachment-large size-large wp-image-1361\" alt=\"\" \/>\t\t\t\t\t\t\t\t\t\t\t\t\t\t\t<\/div>\n\t\t\t\t<\/div>\n\t\t\t\t<div class=\"elementor-element elementor-element-276504d elementor-widget elementor-widget-text-editor\" data-id=\"276504d\" data-element_type=\"widget\" data-e-type=\"widget\" data-widget_type=\"text-editor.default\">\n\t\t\t\t<div class=\"elementor-widget-container\">\n\t\t\t\t\t\t\t\t\t<p>Le plus grand assortiment d\u2019emballages standard en verre, aluminium et plastique.<br \/>\nProduction d\u2019emballages en plastique avec des moules clients et avec plus de 70 outils standard propres.<\/p>\n<p>Sp\u00e9cialis\u00e9 dans les concepts d\u2019emballage pour les produits cosm\u00e9tiques, alimentaires, pharmaceutiques et chimiques.<\/p>\n<p>Reconditionnement, montage et adaptation d\u2019emballages sous flux laminaire.<br \/>\nGrands entrep\u00f4ts d\u2019emballages.<\/p>\n<p>Productions et entrep\u00f4ts sont Pest controlled.<\/p>\n\t\t\t\t\t\t\t\t<\/div>\n\t\t\t\t<\/div>\n\t\t\t\t<div class=\"elementor-element elementor-element-60a07ad elementor-widget elementor-widget-button\" data-id=\"60a07ad\" data-element_type=\"widget\" data-e-type=\"widget\" data-widget_type=\"button.default\">\n\t\t\t\t<div class=\"elementor-widget-container\">\n\t\t\t\t\t\t\t\t\t<div class=\"elementor-button-wrapper\">\n\t\t\t\t\t<a class=\"elementor-button elementor-button-link elementor-size-sm\" href=\"https:\/\/flaigg.ch\" target=\"_blank\" rel=\"noopener\">\n\t\t\t\t\t\t<span class=\"elementor-button-content-wrapper\">\n\t\t\t\t\t\t\t\t\t<span class=\"elementor-button-text\">En savoir plus<\/span>\n\t\t\t\t\t<\/span>\n\t\t\t\t\t<\/a>\n\t\t\t\t<\/div>\n\t\t\t\t\t\t\t\t<\/div>\n\t\t\t\t<\/div>\n\t\t\t\t\t<\/div>\n\t\t<\/div>\n\t\t\t\t\t<\/div>\n\t\t<\/section>\n\t\t\t\t<section class=\"elementor-section elementor-top-section elementor-element elementor-element-965cdb1 elementor-section-boxed elementor-section-height-default elementor-section-height-default\" data-id=\"965cdb1\" data-element_type=\"section\" data-e-type=\"section\">\n\t\t\t\t\t\t<div class=\"elementor-container elementor-column-gap-default\">\n\t\t\t\t\t<div class=\"elementor-column elementor-col-100 elementor-top-column elementor-element elementor-element-368831b\" data-id=\"368831b\" data-element_type=\"column\" data-e-type=\"column\" data-settings=\"{&quot;background_background&quot;:&quot;classic&quot;}\">\n\t\t\t<div class=\"elementor-widget-wrap elementor-element-populated\">\n\t\t\t\t\t\t<div class=\"elementor-element elementor-element-ea6dca9 elementor-widget elementor-widget-image\" data-id=\"ea6dca9\" data-element_type=\"widget\" data-e-type=\"widget\" data-widget_type=\"image.default\">\n\t\t\t\t<div class=\"elementor-widget-container\">\n\t\t\t\t\t\t\t\t\t\t\t\t\t\t\t<img decoding=\"async\" width=\"100\" height=\"100\" src=\"https:\/\/synopac.ch\/wp-content\/uploads\/ARTOPAC_Logo_2022.svg\" class=\"attachment-large size-large wp-image-1359\" alt=\"\" \/>\t\t\t\t\t\t\t\t\t\t\t\t\t\t\t<\/div>\n\t\t\t\t<\/div>\n\t\t\t\t<div class=\"elementor-element elementor-element-fa96e70 elementor-widget elementor-widget-text-editor\" data-id=\"fa96e70\" data-element_type=\"widget\" data-e-type=\"widget\" data-widget_type=\"text-editor.default\">\n\t\t\t\t<div class=\"elementor-widget-container\">\n\t\t\t\t\t\t\t\t\t<p>Sp\u00e9cialis\u00e9 dans le conseil en emballage ind\u00e9pendant et le d\u00e9veloppement de concepts d\u2019emballage globaux.<br \/>\nLe savoir-faire en mati\u00e8re d\u2019emballages et de machines d\u2019emballage.<br \/>\nLa collaboration avec les responsables produits, de la technique, du graphisme et les agences de marketing.<br \/>\nLa collaboration dans des \u00e9quipes d\u2019entreprises actives dans le monde entier, pour le d\u00e9veloppement de projets d\u2019emballages et de machines de remplissage, en pr\u00e9paration \u00e0 la r\u00e9alisation de la production sur des sites internationaux.<\/p>\n\t\t\t\t\t\t\t\t<\/div>\n\t\t\t\t<\/div>\n\t\t\t\t<div class=\"elementor-element elementor-element-1d49123 elementor-widget elementor-widget-button\" data-id=\"1d49123\" data-element_type=\"widget\" data-e-type=\"widget\" data-widget_type=\"button.default\">\n\t\t\t\t<div class=\"elementor-widget-container\">\n\t\t\t\t\t\t\t\t\t<div class=\"elementor-button-wrapper\">\n\t\t\t\t\t<a class=\"elementor-button elementor-button-link elementor-size-sm\" href=\"https:\/\/synopac.ch\/kontakt\/\">\n\t\t\t\t\t\t<span class=\"elementor-button-content-wrapper\">\n\t\t\t\t\t\t\t\t\t<span class=\"elementor-button-text\">En savoir plus<\/span>\n\t\t\t\t\t<\/span>\n\t\t\t\t\t<\/a>\n\t\t\t\t<\/div>\n\t\t\t\t\t\t\t\t<\/div>\n\t\t\t\t<\/div>\n\t\t\t\t\t<\/div>\n\t\t<\/div>\n\t\t\t\t\t<\/div>\n\t\t<\/section>\n\t\t\t\t<\/div>\n\t\t","protected":false},"excerpt":{"rendered":"<p>Emballages Le groupe Artopac r\u00e9unit, avec la soci\u00e9t\u00e9 Synopac AG, trois entreprises ind\u00e9pendantes sp\u00e9cialis\u00e9es dans les emballages, les machines d\u2019emballage et les concepts d\u2019emballage. Le plus grand assortiment d\u2019emballages standard en verre, aluminium et plastique. Production d\u2019emballages en plastique avec des moules clients et avec plus de 70 outils standard propres. Sp\u00e9cialis\u00e9 dans les concepts [&hellip;]<\/p>\n","protected":false},"author":1,"featured_media":0,"parent":0,"menu_order":0,"comment_status":"closed","ping_status":"closed","template":"","meta":{"_acf_changed":false,"footnotes":""},"class_list":["post-1701","page","type-page","status-publish","hentry"],"acf":[],"_links":{"self":[{"href":"https:\/\/synopac.ch\/fr\/wp-json\/wp\/v2\/pages\/1701","targetHints":{"allow":["GET"]}}],"collection":[{"href":"https:\/\/synopac.ch\/fr\/wp-json\/wp\/v2\/pages"}],"about":[{"href":"https:\/\/synopac.ch\/fr\/wp-json\/wp\/v2\/types\/page"}],"author":[{"embeddable":true,"href":"https:\/\/synopac.ch\/fr\/wp-json\/wp\/v2\/users\/1"}],"replies":[{"embeddable":true,"href":"https:\/\/synopac.ch\/fr\/wp-json\/wp\/v2\/comments?post=1701"}],"version-history":[{"count":1,"href":"https:\/\/synopac.ch\/fr\/wp-json\/wp\/v2\/pages\/1701\/revisions"}],"predecessor-version":[{"id":1702,"href":"https:\/\/synopac.ch\/fr\/wp-json\/wp\/v2\/pages\/1701\/revisions\/1702"}],"wp:attachment":[{"href":"https:\/\/synopac.ch\/fr\/wp-json\/wp\/v2\/media?parent=1701"}],"curies":[{"name":"wp","href":"https:\/\/api.w.org\/{rel}","templated":true}]}}

<div data-elementor-type="wp-page" data-elementor-id="1701" class="elementor elementor-1701 elementor-422" data-elementor-post-type="page">
						<section class="elementor-section elementor-top-section elementor-element elementor-element-42a7a12 elementor-section-boxed elementor-section-height-default elementor-section-height-default" data-id="42a7a12" data-element_type="section" data-e-type="section">
						<div class="elementor-container elementor-column-gap-default">
					<div class="elementor-column elementor-col-100 elementor-top-column elementor-element elementor-element-629dd00" data-id="629dd00" data-element_type="column" data-e-type="column">
			<div class="elementor-widget-wrap elementor-element-populated">
						<div class="elementor-element elementor-element-9cadd57 elementor-widget elementor-widget-heading" data-id="9cadd57" data-element_type="widget" data-e-type="widget" data-widget_type="heading.default">
				<div class="elementor-widget-container">
					<h2 class="elementor-heading-title elementor-size-default">Emballages</h2>				</div>
				</div>
					</div>
		</div>
					</div>
		</section>
				<section class="elementor-section elementor-top-section elementor-element elementor-element-73715bd elementor-section-boxed elementor-section-height-default elementor-section-height-default" data-id="73715bd" data-element_type="section" data-e-type="section">
						<div class="elementor-container elementor-column-gap-default">
					<div class="elementor-column elementor-col-100 elementor-top-column elementor-element elementor-element-c80e21f" data-id="c80e21f" data-element_type="column" data-e-type="column">
			<div class="elementor-widget-wrap elementor-element-populated">
						<div class="elementor-element elementor-element-8722127 elementor-widget elementor-widget-heading" data-id="8722127" data-element_type="widget" data-e-type="widget" data-widget_type="heading.default">
				<div class="elementor-widget-container">
					<h3 class="elementor-heading-title elementor-size-default">Le groupe Artopac réunit, avec la société Synopac AG, trois entreprises indépendantes spécialisées dans les emballages, les machines d’emballage et les concepts d’emballage.</h3>				</div>
				</div>
					</div>
		</div>
					</div>
		</section>
				<section class="elementor-section elementor-top-section elementor-element elementor-element-f94ed54 elementor-section-boxed elementor-section-height-default elementor-section-height-default" data-id="f94ed54" data-element_type="section" data-e-type="section">
						<div class="elementor-container elementor-column-gap-default">
					<div class="elementor-column elementor-col-100 elementor-top-column elementor-element elementor-element-3805aad" data-id="3805aad" data-element_type="column" data-e-type="column" data-settings="{&quot;background_background&quot;:&quot;classic&quot;}">
			<div class="elementor-widget-wrap elementor-element-populated">
						<div class="elementor-element elementor-element-61a053e elementor-widget elementor-widget-image" data-id="61a053e" data-element_type="widget" data-e-type="widget" data-widget_type="image.default">
				<div class="elementor-widget-container">
															<img decoding="async" width="100" height="100" src="https://synopac.ch/wp-content/uploads/Flaigg_Logo_2022.svg" class="attachment-large size-large wp-image-1361" alt="" />															</div>
				</div>
				<div class="elementor-element elementor-element-276504d elementor-widget elementor-widget-text-editor" data-id="276504d" data-element_type="widget" data-e-type="widget" data-widget_type="text-editor.default">
				<div class="elementor-widget-container">
									<p>Le plus grand assortiment d’emballages standard en verre, aluminium et plastique.<br />
Production d’emballages en plastique avec des moules clients et avec plus de 70 outils standard propres.</p>
<p>Spécialisé dans les concepts d’emballage pour les produits cosmétiques, alimentaires, pharmaceutiques et chimiques.</p>
<p>Reconditionnement, montage et adaptation d’emballages sous flux laminaire.<br />
Grands entrepôts d’emballages.</p>
<p>Productions et entrepôts sont Pest controlled.</p>
								</div>
				</div>
				<div class="elementor-element elementor-element-60a07ad elementor-widget elementor-widget-button" data-id="60a07ad" data-element_type="widget" data-e-type="widget" data-widget_type="button.default">
				<div class="elementor-widget-container">
									<div class="elementor-button-wrapper">
					<a class="elementor-button elementor-button-link elementor-size-sm" href="https://flaigg.ch" target="_blank" rel="noopener">
						<span class="elementor-button-content-wrapper">
									<span class="elementor-button-text">En savoir plus</span>
					</span>
					</a>
				</div>
								</div>
				</div>
					</div>
		</div>
					</div>
		</section>
				<section class="elementor-section elementor-top-section elementor-element elementor-element-965cdb1 elementor-section-boxed elementor-section-height-default elementor-section-height-default" data-id="965cdb1" data-element_type="section" data-e-type="section">
						<div class="elementor-container elementor-column-gap-default">
					<div class="elementor-column elementor-col-100 elementor-top-column elementor-element elementor-element-368831b" data-id="368831b" data-element_type="column" data-e-type="column" data-settings="{&quot;background_background&quot;:&quot;classic&quot;}">
			<div class="elementor-widget-wrap elementor-element-populated">
						<div class="elementor-element elementor-element-ea6dca9 elementor-widget elementor-widget-image" data-id="ea6dca9" data-element_type="widget" data-e-type="widget" data-widget_type="image.default">
				<div class="elementor-widget-container">
															<img decoding="async" width="100" height="100" src="https://synopac.ch/wp-content/uploads/ARTOPAC_Logo_2022.svg" class="attachment-large size-large wp-image-1359" alt="" />															</div>
				</div>
				<div class="elementor-element elementor-element-fa96e70 elementor-widget elementor-widget-text-editor" data-id="fa96e70" data-element_type="widget" data-e-type="widget" data-widget_type="text-editor.default">
				<div class="elementor-widget-container">
									<p>Spécialisé dans le conseil en emballage indépendant et le développement de concepts d’emballage globaux.<br />
Le savoir-faire en matière d’emballages et de machines d’emballage.<br />
La collaboration avec les responsables produits, de la technique, du graphisme et les agences de marketing.<br />
La collaboration dans des équipes d’entreprises actives dans le monde entier, pour le développement de projets d’emballages et de machines de remplissage, en préparation à la réalisation de la production sur des sites internationaux.</p>
								</div>
				</div>
				<div class="elementor-element elementor-element-1d49123 elementor-widget elementor-widget-button" data-id="1d49123" data-element_type="widget" data-e-type="widget" data-widget_type="button.default">
				<div class="elementor-widget-container">
									<div class="elementor-button-wrapper">
					<a class="elementor-button elementor-button-link elementor-size-sm" href="https://synopac.ch/kontakt/">
						<span class="elementor-button-content-wrapper">
									<span class="elementor-button-text">En savoir plus</span>
					</span>
					</a>
				</div>
								</div>
				</div>
					</div>
		</div>
					</div>
		</section>
				</div>

<p>Emballages Le groupe Artopac réunit, avec la société Synopac AG, trois entreprises indépendantes spécialisées dans les emballages, les machines d’emballage et les concepts d’emballage. Le plus grand assortiment d’emballages standard en verre, aluminium et plastique. Production d’emballages en plastique avec des moules clients et avec plus de 70 outils standard propres. Spécialisé dans les concepts [&hellip;]</p>
